he greatest common factor of 49 and s.
7
Let z be (0 + 0)/(1/1). Suppose -77 = -11*t - z. Let j be -1*(1 - 8)*9. What is the highest common divisor of j and t?
7
Let n(t) = -t**2 + 5*t + 840. Let f be n(0). Calculate the highest common factor of 24 and f.
24
Suppose 2*o = -0*o + 10. Suppose -y - 537 = -5*x, o*x - y + 3*y - 546 = 0. Let k be 13 - (-2 + 3 + 0). What is the greatest common factor of k and x?
12
Suppose 31 = 5*g - 449. What is the greatest common divisor of g and 6?
6
Suppose 4*g - 224 = -4*v, 0 = -g + 4*g. Suppose 18*n - 111 = 141. Calculate the greatest common divisor of n and v.
14
Suppose 3*w + w = -3*t + 273, 0 = 2*t + 2. What is the greatest common factor of 6 and w?
3
Let a = -84 - -119. Let m(y) = -47*y - 2. Let h be m(-6). What is the greatest common factor of a and h?
35
Let h be -1 + ((-10)/(-40) - 6081/(-12)). Calculate the greatest common factor of h and 46.
46
Suppose 3*d - 94 = 2. What is the greatest common divisor of d and 2?
2
Suppose 13*i - 677 + 131 = 0. Calculate the greatest common divisor of i and 12.
6
Let x be 110/(-825) - (-3154)/30. What is the highest common factor of x and 140?
35
Let b be ((-60)/(-14) - 0)*2590/111. What is the greatest common divisor of b and 340?
20
Let n(q) = 3*q**2 - 3*q. Let c be n(6). Let v be ((-108)/(-42))/(1/7). What is the greatest common divisor of v and c?
18
Suppose -18*q + 15*q + 429 = 0. Calculate the highest common factor of q and 26.
13
Let y = 38 - 94. Let g = y - -122. Let c(r) = r + 12. Let m be c(-6). What is the highest common factor of g and m?
6
Let i(p) = -23*p**3 - 4*p**2 - 5*p - 7. Let y be i(-2). Calculate the highest common divisor of y and 9.
9
Let f be 103/7 - (-8)/28. Let i(c) = c - 2. Let z be i(6). Suppose 2*h - w - 8 = h, 5*w + 30 = z*h. Calculate the greatest common divisor of h and f.
5
Let y(h) = -h**3 - 2*h - 1. Let c be y(-1). Suppose -c*o + 21 = -15. Let g(u) = -233*u - 2794. Let s be g(-12). What is the highest common factor of o and s?
2
Let v(t) = t**3 + 14*t**2 - 12*t + 37. Let d be v(-15). Let p be d/(-5) + 33/(-55). Let m be 70/8 - (-1)/4. Calculate the highest common divisor of p and m.
1
Suppose 5*m = 3*v + 148, -4*m - 4*v = m - 141. Let q = 25 + 4. What is the highest common divisor of m and q?
29
Suppose 0 - 36 = -2*b. Suppose 0 = -6*c + 5*c - r + b, -22 = -c - 2*r. Calculate the highest common divisor of c and 56.
14
Suppose -5*f + 1503 = -747. What is the greatest common factor of 10 and f?
10
Let z be (4/3)/((-10)/(-15)). Suppose x = m + 3*m - z, -4*x - 8 = 4*m. Let j be 7/(x - 2 - -5). What is the highest common factor of 49 and j?
7
Suppose s + 565 = 804. What is the greatest common divisor of s and 1?
1
Let t be 6 + 0 + (396 - -14). Calculate the greatest common divisor of t and 32.
32
Let s(z) be the first derivative of 3*z**3 - z + 1. Suppose -3*u - 9 = 2*n - 2, -2*u = -3*n + 9. Let t be s(n). What is the highest common factor of t and 64?
8
Let x(d) = -d**3 - 6*d**2 - d + 12. Let j be x(-7). Calculate the highest common factor of j and 17.
17
Let s be (118/10 + -3)/((-34)/(-85)). What is the highest common divisor of s and 242?
22
Suppose 0 = 4*r + 4*b - 292, 7*b - 3*b = 2*r - 116. Suppose -20*a = -18*a - r. What is the highest common factor of 102 and a?
34
Suppose -23*t + 480 = -28*t. Let d = 154 + t. Calculate the highest common divisor of d and 145.
29
Suppose 6*u = 41*u - 1400. What is the highest common divisor of u and 200?
40
Let w(n) = -n**2 + 11*n - 9. Let k be w(7). Let u be 4040/20 - (-2)/(6/21). Calculate the highest common factor of k and u.
19
Suppose -m + 5*w = -6*m + 650, 642 = 5*m + 3*w. Suppose -415*j = 9*j - 7632. What is the highest common factor of j and m?
18
Let s be (-5 - 19)*2/(-6). Let j be 116/3*12/s. Suppose -5*q = -22 - j. Calculate the greatest common factor of 2 and q.
2
Let d(x) = -15*x - 41. Let u be d(-9). Let g be (-278)/(-6) - (-4)/6. Calculate the greatest common factor of u and g.
47
Suppose 14*k + 107 = 4*p + 19*k, p = 5*k + 8. What is the greatest common divisor of 1 and p?
1
Let y be (-169)/(-9) + 6/27. Let a(t) = -t**2 - 17*t - 14. Let v be a(-11). Let d = 157 + v. What is the greatest common factor of y and d?
19
Suppose 5*f - o + 2*o = 752, 0 = -5*o + 10. Suppose 3*u = 4*w - 48 - 87, -u = -3*w + 95. Calculate the greatest common divisor of f and w.
30
Suppose 8*c = -6*c + 14. Let m = -5 - -8. Let q be 18/m + c + -1. Calculate the greatest common divisor of 54 and q.
6
Suppose 14 = -5*h - 6. Let m be (9/(-3) - -2)*h. Suppose 4*s + 194 = 5*i, -3*i = -m*s + 5*s - 130. Calculate the highest common divisor of 105 and i.
21
Let b(z) = -z**3 + 9*z**2 + 22*z - 30. Let c be b(10). Let d = 42 + -6. What is the greatest common divisor of c and d?
18
Let w be ((-10)/(-6))/(3/27). Suppose -h - 2*j + 5 = -w, 4*h - 92 = -2*j. Calculate the highest common factor of h and 36.
12
Let x = 172 - 152. Calculate the highest common factor of 360 and x.
20
Suppose -t - 95 = -99. Suppose 5*g - 3*l = t*g + 337, l = -g + 325. Calculate the greatest common factor of g and 41.
41
Let a be 6/14 - (-256)/(-14)*-2. Calculate the highest common divisor of a and 259.
37
Let r(q) = -q**2 + q + 7. Let t be r(0). Let p = t + -7. Suppose p = 6*y - 4*y - 64. What is the greatest common divisor of 48 and y?
16
Let c be ((-4)/(-8)*-4)/(-2). What is the greatest common divisor of 25 and c?
1
Suppose 4*p = 2*a, -4*a + p + 55 = 4*p. Let x be (-31 - 9)/((-10)/20). What is the greatest common factor of a and x?
10
Suppose -3*l - 39*j + 2 = -43*j, 2*j = l. Calculate the highest common factor of l and 34.
2
Suppose -4*r = -r + 237. Let n = 119 + r. Suppose 24*t - 23*t + 3*m - 54 = 0, -t + 3*m = -66. Calculate the highest common factor of n and t.
20
Let i be -1 - (2 + -3) - -21. Let w(k) = -k**3 - 10*k**2 + 7. Let j = 52 + -62. Let a be w(j). Calculate the highest common divisor of i and a.
7
Let a(o) be the second derivative of 0*o**4 - 1/20*o**5 + 1/3*o**3 - 2*o + 0 - 3/2*o**2. Let b be a(-3). What is the highest common divisor of 9 and b?
9
Let x be (-2)/(-1) - 2/2. Suppose 16 = -p - d + 6*d, 0 = -2*d + 10. Calculate the highest common divisor of p and x.
1
Let f = -1159 - -1303. Let g = 39 - 23. Calculate the greatest common divisor of g and f.
16
Let u = 21 + -6. Suppose u - 1 = 7*p. Suppose 0 + 16 = p*n. What is the greatest common divisor of 88 and n?
8
Suppose 0 = -x + 2 + 2. Suppose x*r - 110 = -r. What is the highest common divisor of 110 and r?
22
Suppose 6*t + 21 = 3*t. Let a(j) = j**2 + 7*j - 4. Let q be a(t). Let k be (-3682)/(-56) - (-3)/q. What is the highest common factor of 13 and k?
13
Let g(o) = -3*o + 41. Let v be g(10). Suppose -98 = -v*b + 23. What is the greatest common divisor of b and 55?
11
Let k(y) = -16*y - 34. Let i be k(-10). Suppose -4*c = -3*s - 2*c + i, -4*s = 5*c - 145. Calculate the greatest common divisor of s and 320.
40
Suppose -184 = -13*y - 10*y. Let a(i) = -i**2 - 7*i - 4. Let b be a(-5). Suppose 2*d = b*d - 32. Calculate the greatest common factor of d and y.
8
Let n = -539 - -707. What is the greatest common divisor of n and 24?
24
Let j(w) = -w**2 + 12*w + 9. Let l be j(11). What is the greatest common factor of l and 55?
5
Suppose -4*u + 2*o + o = 24, 0 = -5*u + 5*o - 25. Let l be ((-15)/10)/(u/12). Calculate the highest common divisor of l and 22.
2
Let b = 295 - -301. Let p = b + -416. Let w be (-4)/14 - (-284)/14. What is the greatest common factor of w and p?
20
Suppose 0 = -2*f - 3*f + 30. Let q = 3616 + -3606. What is the highest common factor of q and f?
2
Let g(h) be the third derivative of -5*h**4/24 + 39*h**3/2 - 9*h**2. Let c be g(0). Calculate the highest common factor of 13 and c.
13
Suppose 168 = 2*x + 2*x. Suppose 700 = 46*k - x*k. What is the highest common factor of k and 35?
35
Suppose 5*c - 25 = 0, -t + 38 + 27 = -3*c. Calculate the greatest common divisor of t and 48.
16
Let s(h) = h**3 - 3*h**2 - h - 12. Let k be s(4). Suppose -3*o + 95 = -0*o - v, 3*v - 3 = k. What is the greatest common factor of 32 and o?
32
Let m = -1282 - -1294. Calculate the highest common factor of m and 188.
4
Let g = -5 + 56. Let v = -50 + 86. Suppose 2*z = -2*r + v, 3*z - 55 = -0*r - 4*r. Calculate the highest common divisor of g and z.
17
Let v(o) = -42*o + 3. Let w be v(-7). Let 